--------- beginning of /dev/log/main
I/power ( 3200): *** release_dvfs_lock : lockType : 1 --------- beginning of /dev/log/system
D/CustomFrequencyManagerService( 3200): releaseDVFSLockLocked : Getting Lock type frm List : DVFS_MIN_LIMIT frequency : 1200000 uid : 1000 pid : 3200 tag : ACTIVITY_RESUME_BOOSTER@3
W/ActivityManager( 3200): mDVFSHelper.release()
D/STATUSBAR-NetworkController( 3476): refreshSignalCluster: data=-1 bt=false
D/InputReader( 3200): Input event: value=1
I/InputReader( 3200): Touch event's action is 0x0 (deviceType=0) [pCnt=1, s=0.2450 ] when=10111933599000
I/InputDispatcher( 3200): Delivering touch to current input target: action: 0x0
I/InputDispatcher( 3200): Delivering touch to current input target: action: 0x0
I/InputDispatcher( 3200): Delivering touch to current input target: action: 0x0
I/InputDispatcher( 3200): Delivering touch to current input target: action: 0x0
I/InputDispatcher( 3200): Delivering touch to current input target: action: 0x0
I/CustomFrequencyManager( 3577): newFrequencyRequest - mFrequency = 1300000, mTimeoutMs = 200, mPkgName = com.sec.android.app.launcher@1
I/CustomFrequencyManager( 3577): Boost Request from package = com.sec.android.app.launcher@1 frequency : 1300000type = 6
I/CustomFrequencyManager( 3577): !! pkgName = com.sec.android.app.launcher@1
I/CustomFrequencyManager( 3577): Request from package name pkgName = com.sec.android.app.launcher@1
I/CustomFrequencyManager( 3577): mContext is Not Null mContext.pkgName = com.sec.android.app.launcher
I/CustomFrequencyManager( 3577): mToken is Null....Creating New Binder!
I/CustomFrequencyManager( 3577): CPUDVFSControlRequest : doFrequencyRequest:: = 1300000 Timeout : 200
I/power ( 3200): *** acquire_dvfs_lock : lockType : 1 freq : 1300000
I/CustomFrequencyManager( 3577): newFrequencyRequest - mFrequency = 266, mTimeoutMs = -1, mPkgName = com.sec.android.app.launcher@2
I/CustomFrequencyManager( 3577): Boost Request from package = com.sec.android.app.launcher@2 frequency : 266type = 1
D/CustomFrequencyManagerService( 3200): acquireDVFSLockLocked : type : DVFS_MIN_LIMIT frequency : 1300000 uid : 10057 pid : 3577 pkgName : com.sec.android.app.launcher@1
I/CustomFrequencyManager( 3577): !! pkgName = com.sec.android.app.launcher@2
I/CustomFrequencyManager( 3577): Request from package name pkgName = com.sec.android.app.launcher@2
I/CustomFrequencyManager( 3577): mContext is Not Null mContext.pkgName = com.sec.android.app.launcher
I/CustomFrequencyManager( 3577): mToken is Null....Creating New Binder!
I/CustomFrequencyManager( 3577): GPU : doFrequencyRequest:: = 266 Timeout : -1
I/CustomFrequencyManager( 3577): GPU : doFrequencyRequest:: = 266 Timeout : -1
D/InputReader( 3200): Input event: value=0
I/InputReader( 3200): Touch event's action is 0x1 (deviceType=0) [pCnt=1, s=] when=10112000780000
I/InputDispatcher( 3200): Delivering touch to current input target: action: 0x1
I/InputDispatcher( 3200): Delivering touch to current input target: action: 0x1
I/InputDispatcher( 3200): Delivering touch to current input target: action: 0x1
I/InputDispatcher( 3200): Delivering touch to current input target: action: 0x1
I/InputDispatcher( 3200): Delivering touch to current input target: action: 0x1
D/GestureDetector( 3577): [Surface Touch Event] mSweepDown False, mLRSDCnt : -1 mTouchCnt : 6 mFalseSizeCnt:0
I/power ( 3200): *** release_dvfs_lock : lockType : 1
D/SurfaceWidgetClient$ISurfaceWidgetStub( 3977): [123490] Surface widget pause on instance = 1
I/AudioPolicyManagerBase( 2462): getSituationVolume: isBTConnected:0 isHeadConnected:0
V/AudioPolicyManagerBase( 2462): getParamFromPolicy deviceInt = 0, situationInt = 1, situationVolume = 0.500000
D/kweather( 3977): [Kweather J]>>> SWW:183 [0:0] [SWW] onPause : rI = 1
V/AudioPolicyManagerBase( 2462): getOutput() stream 1, samplingRate 0, format 0, channelMask 3, flags 0
V/AudioPolicyManagerBase( 2462): getOutputsForDevice device 0002 -> 0002
V/AudioPolicyManagerBase( 2462): getOutput() returns output 2
V/AudioPolicyManagerBase( 2462): getOutput() stream 1, samplingRate 0, format 0, channelMask 3, flags 0
V/AudioPolicyManagerBase( 2462): getOutputsForDevice device 0002 -> 0002
V/AudioPolicyManagerBase( 2462): getOutput() returns output 2
V/AudioPolicyManagerBase( 2462): getOutput() stream 1, samplingRate 48000, format 1, channelMask 1, flags 4
V/AudioPolicyManagerBase( 2462): getOutputsForDevice device 0002 -> 0002
D/kweather( 3977): [Kweather J]>>> SWW:189 [0:0] [SWW] onPause : size = 0
V/AudioPolicyManagerBase( 2462): getOutput() returns output 2
D/CustomFrequencyManagerService( 3200): releaseDVFSLockLocked : Getting Lock type frm List : DVFS_MIN_LIMIT frequency : 1300000 uid : 10057 pid : 3577 tag : com.sec.android.app.launcher@1
D/kweather( 3977): [Kweather J]>>> SWW:570 [0:0] unRegisterTTReceiver !!
D/Launcher.Workspace( 3577): exitWidgetResizeMode State: NORMAL, newDragStarted: false
D/kweather( 3977): [Kweather J]>>> WCD:1136 [0:0] cARH()
D/kweather( 3977): [Kweather J]>>> WCD:510 [0:0] onPause
D/kweather( 3977): [Kweather J]>>> WR:391 [0:0] onPause : 1
V/LvOutput( 2462): initCheck: 0
V/LvOutput( 2462): attachEffects: attach processing to output 2, stream 1, session 272, mode 0
V/LvOutput( 2462): attachEffects: no output processing needs to be attached to this stream
V/LvOutput( 2462): LvOutput::setAllProcessorEnabled(false) mOutputs.size(0)
V/AudioPolicyManagerBase( 2462): startOutput() output 2, stream 1, session 272
V/AudioPolicyManagerBase( 2462): changeRefCount() stream 1, count 1
V/AudioPolicyManagerBase( 2462): getNewDevice() selected device 2
V/AudioPolicyManagerBase( 2462): setOutputDevice() output 2 device 0002 force 0 delayMs 0
V/AudioPolicyManagerBase( 2462): setOutputDevice() prevDevice 0002
V/AudioPolicyManagerBase( 2462): setOutputDevice() setting same device 0002 or null device for output 2
I/AudioFlinger( 2462): AudioFlinger::PlaybackThread::addTrack_l() start_output_streamtype(0, 1) for 2
I/AudioFlinger( 2462): AudioFlinger::PlaybackThread::addTrack_l() set_parameters(1)
V/yamaha_AudioStreamOutSample( 2462): AudioStreamOutSample::setParameters(keyValuePairs="start_output_streamtype=1")
I/yamaha_AudioStreamOutSample( 2462): mParent->isFactoryRouteEnable()=0 mLoopbackDevice=0
V/yamaha_AudioStreamOutSample( 2462): AudioStreamOutSample::setParameters() startPlaybackStream +
V/yamaha_PcmCtrlImpl( 2462): PcmCtrlImpl::_update_route(state=(null), mode=(null), device=(null), source=(null)
V/yamaha_PcmCtrlImpl( 2462): PcmCtrlImpl::_get_scenario_name(state=1, mode=0, device=2h, source=0)
V/yamaha_Manager( 2462): Manager::getInstance()
I/AudioHardwareSample( 2462): makeOutputName(direction=0, mode=0, outputDevice=2h, inputDevice=80000004h, source=0, samplingRate=48000, playing=true, capturing=false, incallRate=0
V/AudioHardwareSample( 2462): Output(AndroidPlayback_Audio_Speaker_Normal) : mode(0) mVolteType(0) isVoipType(0)
V/yamaha_PcmCtrlImpl( 2462): direction=PLAYBACK
V/yamaha_PcmCtrlImpl( 2462): old_scenario_name="AndroidPlayback_Audio_Speaker_Normal"
V/yamaha_PcmCtrlImpl( 2462): new_scenario_name="AndroidPlayback_Audio_Speaker_Normal"
V/yamaha_PcmCtrlImpl( 2462): Same scenario as old.
V/yamaha_AudioStreamOutSample( 2462): AudioStreamOutSample::setParameters() startPlaybackStream -
D/kweather( 3977): [Kweather J]>>> SWW:481 [0:0] =================== , pause :1
V/AudioPolicyManagerBase( 2462): releaseOutput() 2
D/SurfaceWidget.Renderer( 3977): [123490] SurfaceWidgetRenderer waiting: 1 (Thread[Thread-121,5,main])
E/SpannableStringBuilder( 3577): SPAN_EXCLUSIVE_EXCLUSIVE spans cannot have a zero length
E/SpannableStringBuilder( 3577): SPAN_EXCLUSIVE_EXCLUSIVE spans cannot have a zero length
V/LvOutput( 2462): initCheck: 0
V/LvOutput( 2462): detachEffects: detach processing for output 2, stream 1, session 272
V/LvOutput( 2462): detachEffects: no output processing was attached to this stream
V/AudioPolicyManagerBase( 2462): stopOutput() output 2, stream 1, session 272
V/AudioPolicyManagerBase( 2462): changeRefCount() stream 1, count 0
V/AudioPolicyManagerBase( 2462): getNewDevice() selected device 0
V/AudioPolicyManagerBase( 2462): setOutputDevice() output 2 device 0000 force 0 delayMs 160
V/AudioPolicyManagerBase( 2462): setOutputDevice() prevDevice 0002
V/AudioPolicyManagerBase( 2462): setOutputDevice() setting same device 0000 or null device for output 2
V/AlarmManager( 3200): waitForAlarm result :8
D/SurfaceWidgetClient$ISurfaceWidgetStub( 3977): [123490] Surface widget visibility changed visibility = false on instance = 1
D/SurfaceWidgetClient$ISurfaceWidgetStub( 3977): [123490] Surface widget pause on instance = 1
D/kweather( 3977): [Kweather J]>>> SWW:183 [0:0] [SWW] onPause : rI = 1
D/kweather( 3977): [Kweather J]>>> SWW:570 [0:0] unRegisterTTReceiver !!
D/kweather( 3977): [Kweather J]>>> WCD:1136 [0:0] cARH()
D/kweather( 3977): [Kweather J]>>> WCD:510 [0:0] onPause
D/kweather( 3977): [Kweather J]>>> WR:391 [0:0] onPause : 1
D/kweather( 3977): [Kweather J]>>> SWW:481 [0:0] =================== , pause :1
I/AudioFlinger( 2462): AudioFlinger::MixerThread::prepareTracks_l stop_output_streamtype(0, 1) for 2
I/AudioFlinger( 2462): AudioFlinger::MixerThread::prepareTracks_l set_parameters(1)
V/yamaha_AudioStreamOutSample( 2462): AudioStreamOutSample::setParameters(keyValuePairs="stop_output_streamtype=1")
I/yamaha_AudioStreamOutSample( 2462): mParent->isFactoryRouteEnable()=0 mLoopbackDevice=0
V/yamaha_AudioStreamOutSample( 2462): AudioStreamOutSample::setParameters() stopPlaybackStream +
V/yamaha_PcmCtrlImpl( 2462): PcmCtrlImpl::_update_route(state=(null), mode=(null), device=(null), source=(null)
V/yamaha_PcmCtrlImpl( 2462): PcmCtrlImpl::_get_scenario_name(state=1, mode=0, device=2h, source=0)
V/yamaha_Manager( 2462): Manager::getInstance()
I/AudioHardwareSample( 2462): makeOutputName(direction=0, mode=0, outputDevice=2h, inputDevice=80000004h, source=0, samplingRate=48000, playing=true, capturing=false, incallRate=0
V/AudioHardwareSample( 2462): Output(AndroidPlayback_Audio_Speaker_Normal) : mode(0) mVolteType(0) isVoipType(0)
V/yamaha_PcmCtrlImpl( 2462): direction=PLAYBACK
V/yamaha_PcmCtrlImpl( 2462): old_scenario_name="AndroidPlayback_Audio_Speaker_Normal"
V/yamaha_PcmCtrlImpl( 2462): new_scenario_name="AndroidPlayback_Audio_Speaker_Normal"
V/yamaha_PcmCtrlImpl( 2462): Same scenario as old.
V/yamaha_AudioStreamOutSample( 2462): AudioStreamOutSample::setParameters() stopPlaybackStream -
D/STATUSBAR-NetworkController( 3476): refreshSignalCluster: data=-1 bt=false
D/BatteryService( 3200): update start
D/BatteryService( 3200): level:46, scale:100, status:2, health:2, present:true, voltage: 3863, temperature: 314, technology: Li-ion, AC powered:false, USB powered:true, Wireless powered:false, icon:17303319, invalid charger:0, online:4, charge type:1, current avg:460
D/BatteryService( 3200): Sending ACTION_BATTERY_CHANGED.
D/STATUSBAR-BatteryController( 3476): onReceive() - ACTION_BATTERY_CHANGED
D/STATUSBAR-BatteryController( 3476): onReceive() - BATTERY_STATUS_CHARGING:
D/STATUSBAR-PhoneStatusBar( 3476): NORMAL_BATTERY
V/yamaha_AudioStreamOutSample( 2462): AudioStreamOutSample::standby()
V/yamaha_PcmCtrlImpl( 2462): PcmCtrlImpl::standby()
V/yamaha_PcmCtrlImpl( 2462): PcmCtrlImpl::_update_route(state=0, mode=(null), device=(null), source=(null)
V/yamaha_PcmCtrlImpl( 2462): direction=PLAYBACK
V/yamaha_PcmCtrlImpl( 2462): old_scenario_name="AndroidPlayback_Audio_Speaker_Normal"
V/yamaha_PcmCtrlImpl( 2462): new_scenario_name=""
V/yamaha_PcmCtrlImpl( 2462): PcmCtrlImpl::_close()
V/yamaha_Manager( 2462): Manager::getInstance()
V/yamaha_PcmCtrlImpl( 2462): PcmCtrlImpl::_update_route(state=(null), mode=(null), device=(null), source=(null)
V/yamaha_PcmCtrlImpl( 2462): direction=CAPTURE
V/yamaha_PcmCtrlImpl( 2462): old_scenario_name=""
V/yamaha_PcmCtrlImpl( 2462): new_scenario_name=""
V/yamaha_PcmCtrlImpl( 2462): Same scenario as old.
V/yamaha_AudioStreamOutSample( 2462): AudioStreamOutSample::standby() -
E/Watchdog( 3200): !@Sync 336
I/Monitor ( 3200): SIOP:: Current AP = 410, CP = 0
D/InputReader( 3200): Input event: value=1
I/InputReader( 3200): Touch event's action is 0x0 (deviceType=0) [pCnt=1, s=0.2451 ] when=10119364060000
I/InputDispatcher( 3200): Delivering touch to current input target: action: 0x0
I/InputDispatcher( 3200): Delivering touch to current input target: action: 0x0
I/InputDispatcher( 3200): Delivering touch to current input target: action: 0x0
I/InputDispatcher( 3200): Delivering touch to current input target: action: 0x0
I/InputDispatcher( 3200): Delivering touch to current input target: action: 0x0
I/CustomFrequencyManager( 3577): newFrequencyRequest - mFrequency = 1300000, mTimeoutMs = 200, mPkgName = com.sec.android.app.launcher@1
I/CustomFrequencyManager( 3577): Boost Request from package = com.sec.android.app.launcher@1 frequency : 1300000type = 6
I/CustomFrequencyManager( 3577): !! pkgName = com.sec.android.app.launcher@1
I/CustomFrequencyManager( 3577): Request from package name pkgName = com.sec.android.app.launcher@1
I/CustomFrequencyManager( 3577): mContext is Not Null mContext.pkgName = com.sec.android.app.launcher
I/CustomFrequencyManager( 3577): mToken is Null....Creating New Binder!
I/CustomFrequencyManager( 3577): CPUDVFSControlRequest : doFrequencyRequest:: = 1300000 Timeout : 200
I/power ( 3200): *** acquire_dvfs_lock : lockType : 1 freq : 1300000
D/CustomFrequencyManagerService( 3200): acquireDVFSLockLocked : type : DVFS_MIN_LIMIT frequency : 1300000 uid : 10057 pid : 3577 pkgName : com.sec.android.app.launcher@1
D/InputReader( 3200): Input event: value=0
I/InputReader( 3200): Touch event's action is 0x1 (deviceType=0) [pCnt=1, s=] when=10119439828000
I/InputDispatcher( 3200): Delivering touch to current input target: action: 0x1
I/InputDispatcher( 3200): Delivering touch to current input target: action: 0x1
I/InputDispatcher( 3200): Delivering touch to current input target: action: 0x1
I/InputDispatcher( 3200): Delivering touch to current input target: action: 0x1
I/InputDispatcher( 3200): Delivering touch to current input target: action: 0x1
D/GestureDetector( 3577): [Surface Touch Event] mSweepDown False, mLRSDCnt : -1 mTouchCnt : 7 mFalseSizeCnt:0
I/power ( 3200): *** release_dvfs_lock : lockType : 1
I/AudioPolicyManagerBase( 2462): getSituationVolume: isBTConnected:0 isHeadConnected:0
V/AudioPolicyManagerBase( 2462): getParamFromPolicy deviceInt = 0, situationInt = 1, situationVolume = 0.500000
V/AudioPolicyManagerBase( 2462): getOutput() stream 1, samplingRate 0, format 0, channelMask 3, flags 0
V/AudioPolicyManagerBase( 2462): getOutputsForDevice device 0002 -> 0002
V/AudioPolicyManagerBase( 2462): getOutput() returns output 2
V/AudioPolicyManagerBase( 2462): getOutput() stream 1, samplingRate 0, format 0, channelMask 3, flags 0
V/AudioPolicyManagerBase( 2462): getOutputsForDevice device 0002 -> 0002
V/AudioPolicyManagerBase( 2462): getOutput() returns output 2
V/AudioPolicyManagerBase( 2462): getOutput() stream 1, samplingRate 48000, format 1, channelMask 1, flags 4
V/AudioPolicyManagerBase( 2462): getOutputsForDevice device 0002 -> 0002
V/AudioPolicyManagerBase( 2462): getOutput() returns output 2
V/LvOutput( 2462): initCheck: 0
V/LvOutput( 2462): attachEffects: attach processing to output 2, stream 1, session 273, mode 0
V/LvOutput( 2462): attachEffects: no output processing needs to be attached to this stream
V/LvOutput( 2462): LvOutput::setAllProcessorEnabled(false) mOutputs.size(0)
V/AudioPolicyManagerBase( 2462): startOutput() output 2, stream 1, session 273
V/AudioPolicyManagerBase( 2462): changeRefCount() stream 1, count 1
V/AudioPolicyManagerBase( 2462): getNewDevice() selected device 2
V/AudioPolicyManagerBase( 2462): setOutputDevice() output 2 device 0002 force 0 delayMs 0
V/AudioPolicyManagerBase( 2462): setOutputDevice() prevDevice 0002
V/AudioPolicyManagerBase( 2462): setOutputDevice() setting same device 0002 or null device for output 2
I/AudioFlinger( 2462): AudioFlinger::PlaybackThread::addTrack_l() start_output_streamtype(0, 1) for 2
I/AudioFlinger( 2462): AudioFlinger::PlaybackThread::addTrack_l() set_parameters(1)
V/yamaha_AudioStreamOutSample( 2462): AudioStreamOutSample::setParameters(keyValuePairs="start_output_streamtype=1")
I/yamaha_AudioStreamOutSample( 2462): mParent->isFactoryRouteEnable()=0 mLoopbackDevice=0
V/yamaha_AudioStreamOutSample( 2462): AudioStreamOutSample::setParameters() startPlaybackStream +
V/yamaha_PcmCtrlImpl( 2462): PcmCtrlImpl::_update_route(state=(null), mode=(null), device=(null), source=(null)
V/yamaha_PcmCtrlImpl( 2462): direction=PLAYBACK
V/yamaha_PcmCtrlImpl( 2462): old_scenario_name=""
V/yamaha_PcmCtrlImpl( 2462): new_scenario_name=""
V/yamaha_PcmCtrlImpl( 2462): Same scenario as old.
V/yamaha_AudioStreamOutSample( 2462): AudioStreamOutSample::setParameters() startPlaybackStream -
D/CustomFrequencyManagerService( 3200): releaseDVFSLockLocked : Getting Lock type frm List : DVFS_MIN_LIMIT frequency : 1300000 uid : 10057 pid : 3577 tag : com.sec.android.app.launcher@1
I/AudioHardwareSample( 2462): AudioHardwareSample::setOutputInfo(0x2) +
V/yamaha_PcmCtrlImpl( 2462): PcmCtrlImpl::setInCallRate(rate=0)
V/yamaha_PcmCtrlImpl( 2462): PcmCtrlImpl::setInCallRate(rate=0)
I/AudioHardwareSample( 2462): AudioHardwareSample::doRouting() for PLAYBACK mode:0 dev:0x2
V/yamaha_PcmCtrlImpl( 2462): PcmCtrlImpl::setRoute(mode=0, device=2h, source=0)
V/yamaha_PcmCtrlImpl( 2462): PcmCtrlImpl::_update_route(state=(null), mode=0, device=2h, source=0
V/yamaha_PcmCtrlImpl( 2462): direction=PLAYBACK
V/yamaha_PcmCtrlImpl( 2462): old_scenario_name=""
V/yamaha_PcmCtrlImpl( 2462): new_scenario_name=""
V/yamaha_PcmCtrlImpl( 2462): Same scenario as old.
I/AudioHardwareSample( 2462): AudioHardwareSample::doRouting() for CAPTURE mode:0 dev:0x80000004
V/yamaha_PcmCtrlImpl( 2462): PcmCtrlImpl::setRoute(mode=0, device=80000004h, source=0)
V/yamaha_PcmCtrlImpl( 2462): PcmCtrlImpl::_update_route(state=(null), mode=0, device=80000004h, source=0
V/yamaha_PcmCtrlImpl( 2462): direction=CAPTURE
V/yamaha_PcmCtrlImpl( 2462): old_scenario_name=""
V/yamaha_PcmCtrlImpl( 2462): new_scenario_name=""
V/yamaha_PcmCtrlImpl( 2462): Same scenario as old.
I/AudioHardwareSample( 2462): AudioHardwareSample::setOutputInfo(0x2) -
V/AudioPolicyManagerBase( 2462): releaseOutput() 2
V/yamaha_PcmCtrlImpl( 2462): PcmCtrlImpl::_update_route(state=1, mode=(null), device=(null), source=(null)
V/yamaha_PcmCtrlImpl( 2462): PcmCtrlImpl::_get_scenario_name(state=1, mode=0, device=2h, source=0)
V/yamaha_Manager( 2462): Manager::getInstance()
I/AudioHardwareSample( 2462): makeOutputName(direction=0, mode=0, outputDevice=2h, inputDevice=80000004h, source=0, samplingRate=48000, playing=true, capturing=false, incallRate=0
V/AudioHardwareSample( 2462): Output(AndroidPlayback_Audio_Speaker_Normal) : mode(0) mVolteType(0) isVoipType(0)
V/yamaha_PcmCtrlImpl( 2462): direction=PLAYBACK
V/yamaha_PcmCtrlImpl( 2462): old_scenario_name=""
V/yamaha_PcmCtrlImpl( 2462): new_scenario_name="AndroidPlayback_Audio_Speaker_Normal"
V/yamaha_PcmCtrlImpl( 2462): old_scenario_group=(no group)
V/yamaha_PcmCtrlImpl( 2462): Begin setting the scenario. ("AndroidPlayback_Audio_Speaker_Normal")
I/CustomFrequencyManager( 3200): newFrequencyRequest - mFrequency = 1200000, mTimeoutMs = -1, mPkgName = ACTIVITY_RESUME_BOOSTER@3
I/CustomFrequencyManager( 3200): Boost Request from package = ACTIVITY_RESUME_BOOSTER@3 frequency : 1200000type = 6
I/CustomFrequencyManager( 3200): !! pkgName = ACTIVITY_RESUME_BOOSTER@3
I/CustomFrequencyManager( 3200): Request from package name pkgName = ACTIVITY_RESUME_BOOSTER@3
I/CustomFrequencyManager( 3200): mContext is Not Null mContext.pkgName = android
I/CustomFrequencyManager( 3200): 2 Old token will be reused!
I/CustomFrequencyManager( 3200): CPUDVFSControlRequest : doFrequencyRequest:: = 1200000 Timeout : -1
I/power ( 3200): *** acquire_dvfs_lock : lockType : 1 freq : 1200000
D/CustomFrequencyManagerService( 3200): acquireDVFSLockLocked : type : DVFS_MIN_LIMIT frequency : 1200000 uid : 1000 pid : 3200 pkgName : ACTIVITY_RESUME_BOOSTER@3
I/CustomFrequencyManager( 3200): newFrequencyRequest - mFrequency = 266, mTimeoutMs = -1, mPkgName = ACTIVITY_RESUME_BOOSTER@4
I/CustomFrequencyManager( 3200): Boost Request from package = ACTIVITY_RESUME_BOOSTER@4 frequency : 266type = 1
I/CustomFrequencyManager( 3200): !! pkgName = ACTIVITY_RESUME_BOOSTER@4
I/CustomFrequencyManager( 3200): Request from package name pkgName = ACTIVITY_RESUME_BOOSTER@4
I/CustomFrequencyManager( 3200): mContext is Not Null mContext.pkgName = android
I/CustomFrequencyManager( 3200): 2 Old token will be reused!
I/CustomFrequencyManager( 3200): GPU : doFrequencyRequest:: = 266 Timeout : -1
I/CustomFrequencyManager( 3200): GPU : doFrequencyRequest:: = 266 Timeout : -1
W/ActivityManager( 3200): mDVFSHelper.acquire()
W/ContextImpl( 3200): Calling a method in the system process without a qualified user: android.app.ContextImpl.sendBroadcast:1337 com.android.server.am.ActivityStack.startActivityUncheckedLocked:4460 com.android.server.am.ActivityStack.startActivityLocked:3944 com.android.server.am.ActivityStack.startActivityMayWait:4624 com.android.server.am.ActivityManagerService.startActivityAsUser:2947
W/ContextImpl( 3200): Calling a method in the system process without a qualified user: android.app.ContextImpl.sendBroadcast:1337 com.android.server.am.ActivityStack.startPausingLocked:1315 com.android.server.am.ActivityStack.resumeTopActivityLocked:2383 com.android.server.am.ActivityStack.resumeTopActivityLocked:2169 com.android.server.am.ActivityStack.resumeTopActivityLocked:2155 V/SmartFaceService - 3rd party pause( 3200): onReceive [android.intent.action.ACTIVITY_STATE/com.ghosthawk.salard/create] V/SmartFaceService - 3rd party pause( 3200): onReceive [android.intent.action.ACTIVITY_STATE/com.sec.android.app.launcher/pause]
D/Launcher( 3577): onPause, Launcher: 1125169336
D/Launcher.HomeView( 3577): onPause
D/Launcher.Workspace( 3577): exitWidgetResizeMode State: NORMAL, newDragStarted: false
I/LSS-II: ( 3200): proc in:com.skt.skaf.OA00026910:remote,adj=15LRU num=71,i=33
V/yamaha_PcmCtrlImpl( 2462): End setting the scenario.
V/yamaha_PcmCtrlImpl( 2462): PcmCtrlImpl::_open(force=0)
V/yamaha_Manager( 2462): Manager::getInstance()
V/yamaha_PcmCtrlImpl( 2462): PcmCtrlImpl::_update_route(state=(null), mode=(null), device=(null), source=(null)
V/yamaha_PcmCtrlImpl( 2462): direction=CAPTURE
V/yamaha_PcmCtrlImpl( 2462): old_scenario_name=""
V/yamaha_PcmCtrlImpl( 2462): new_scenario_name=""
V/yamaha_PcmCtrlImpl( 2462): Same scenario as old.
I/SurfaceFlinger( 2459): id=1594(151) createSurf 0x40a5cdec (1x1),1 flag=404, talard
I/LSS-II: ( 3200): proc in:com.skt.skaf.Z00000TAPI,adj=15LRU num=71,i=31
D/STATUSBAR-NetworkController( 3476): refreshSignalCluster: data=-1 bt=false
V/WindowManager( 3200): Window{434124b0 u0 Keyguard}mOrientationRequetedFromKeyguard=false
I/LSS-II: ( 3200): proc in:com.google.android.apps.plus,adj=15LRU num=71,i=30
V/TaskCloserActivity( 675): TaskCloserActivity onReceive() - com.sec.android.intent.action.HOME_PAUSE
D/SELinux ( 754): selinux_knoxprecontexthook: Calling selinux_knoxprecontexthook for uid: 10249 isSystemServer: 0 seinfo: default pkgname com.ghosthawk.salard
W/ContextImpl( 3200): Calling a method in the system process without a qualified user: android.app.ContextImpl.sendBroadcast:1323 com.android.server.am.ActivityManagerService.computeOomAdjLocked:14816 com.android.server.am.ActivityManagerService.computeOomAdjLocked:14476 com.android.server.am.ActivityManagerService.updateOomAdjLocked:15107 com.android.server.am.ActivityManagerService.updateOomAdjLocked:15299
V/LvOutput( 2462): initCheck: 0
V/LvOutput( 2462): detachEffects: detach processing for output 2, stream 1, session 273
V/LvOutput( 2462): detachEffects: no output processing was attached to this stream
V/AudioPolicyManagerBase( 2462): stopOutput() output 2, stream 1, session 273
V/AudioPolicyManagerBase( 2462): changeRefCount() stream 1, count 0
V/AudioPolicyManagerBase( 2462): getNewDevice() selected device 0
V/AudioPolicyManagerBase( 2462): setOutputDevice() output 2 device 0000 force 0 delayMs 160
V/AudioPolicyManagerBase( 2462): setOutputDevice() prevDevice 0002
V/AudioPolicyManagerBase( 2462): setOutputDevice() setting same device 0000 or null device for output 2
I/LSS-II: ( 3200): proc wait in:com.android.defcontainer,adj=11LRU num=71,i=61
V/WindowOrientationListener( 3200): mSContextAutoRotationListener.getProposedRotation, mbResultFaceDectection: false
V/WindowOrientationListener( 3200): mSContextAutoRotationListener.getProposedRotation, Rotation: 0
V/WindowOrientationListener( 3200): mSContextAutoRotationListener.getProposedRotation, mbResultFaceDectection: false
V/WindowOrientationListener( 3200): mSContextAutoRotationListener.getProposedRotation, Rotation: 0
V/WindowManager( 3200): rotationForOrientationLw(orient=-1, last=0); user=0 USER_ROTATION_LOCKED sensorRotation=0 isCoverOpen=true mLidState=-1 mDockMode=0 mHdmiPlugged=false mAccelerometerDefault=false
V/WindowManager( 3200): Application requested orientation -1, got rotation 0 which has compatible metrics
D/WindowManager( 3200): computeScreenConfigurationLocked() set config.orientation=1 dw=1080 dh=1920 Callers=com.android.server.wm.WindowManagerService.updateOrientationFromAppTokensLocked:5124 com.android.server.wm.WindowManagerService.updateOrientationFromAppTokens:5093 com.android.server.am.ActivityStack.realStartActivityLocked:902
D/PowerManagerService( 3200): setKeyboardVisibility: false
W/ContextImpl( 3200): Calling a method in the system process without a qualified user: android.app.ContextImpl.sendBroadcast:1323 com.android.server.am.ActivityManagerService.computeOomAdjLocked:14822 com.android.server.am.ActivityManagerService.updateOomAdjLocked:15107 com.android.server.am.ActivityManagerService.updateOomAdjLocked:15299 com.android.server.am.ActivityManagerService.updateLruProcessLocked:2175
D/SurfaceWidgetClient( 3977): [123490] SurfaceWidgetClient onTrimMemory level: 20
D/Launcher( 3577): onTrimMemory. Level: 20
V/WindowManager( 3200): Window{434124b0 u0 Keyguard}mOrientationRequetedFromKeyguard=false
D/PointerIcon( 3200): setHoveringSpenIconStyle1 pointerType: 10001iconType:1 flag:0
D/PointerIcon( 3200): setHoveringSpenCustomIcon IconType is same.1
W/ContextImpl( 3200): Calling a method in the system process without a qualified user: android.app.ContextImpl.sendBroadcast:1323 com.android.internal.policy.impl.PhoneWindowManager.notifyToSSRM:4698 com.android.internal.policy.impl.PhoneWindowManager.access$200:224 com.android.internal.policy.impl.PhoneWindowManager$PolicyHandler.handleMessage:646 android.os.Handler.dispatchMessage:99
D/STATUSBAR-PhoneStatusBar( 3476): animateCollapsePanels
D/AndroidRuntime( 754): Shutting down VM
W/dalvikvm( 754): threadid=1: thread exiting with uncaught exception (group=0x4154d930)
E/AndroidRuntime( 754): FATAL EXCEPTION: main
E/AndroidRuntime( 754): java.lang.RuntimeException: Unable to instantiate application com.android.tools.fd.runtime.BootstrapApplication: java.lang.ClassNotFoundException: Didn't find class "com.android.tools.fd.runtime.BootstrapApplication" on path: /data/app/com.ghosthawk.salard-1.apk
E/AndroidRuntime( 754): at android.app.LoadedApk.makeApplication(LoadedApk.java:504)
E/AndroidRuntime( 754): at android.app.ActivityThread.handleBindApplication(ActivityThread.java:4540)
E/AndroidRuntime( 754): at android.app.ActivityThread.access$1400(ActivityThread.java:151)
E/AndroidRuntime( 754): at android.app.ActivityThread$H.handleMessage(ActivityThread.java:1341)
E/AndroidRuntime( 754): at android.os.Handler.dispatchMessage(Handler.java:99)
E/AndroidRuntime( 754): at android.os.Looper.loop(Looper.java:137)
E/AndroidRuntime( 754): at android.app.ActivityThread.main(ActivityThread.java:5293)
E/AndroidRuntime( 754): at java.lang.reflect.Method.invokeNative(Native Method)
E/AndroidRuntime( 754): at java.lang.reflect.Method.invoke(Method.java:511)
E/AndroidRuntime( 754): at com.android.internal.os.ZygoteInit$MethodAndArgsCaller.run(ZygoteInit.java:1102)
E/AndroidRuntime( 754): at com.android.internal.os.ZygoteInit.main(ZygoteInit.java:869)
E/AndroidRuntime( 754): at dalvik.system.NativeStart.main(Native Method)
E/AndroidRuntime( 754): Caused by: java.lang.ClassNotFoundException: Didn't find class "com.android.tools.fd.runtime.BootstrapApplication" on path: /data/app/com.ghosthawk.salard-1.apk
E/AndroidRuntime( 754): at dalvik.system.BaseDexClassLoader.findClass(BaseDexClassLoader.java:65)
E/AndroidRuntime( 754): at java.lang.ClassLoader.loadClass(ClassLoader.java:501)
E/AndroidRuntime( 754): at java.lang.ClassLoader.loadClass(ClassLoader.java:461)
E/AndroidRuntime( 754): at android.app.Instrumentation.newApplication(Instrumentation.java:985)
E/AndroidRuntime( 754): at android.app.LoadedApk.makeApplication(LoadedApk.java:499)
E/AndroidRuntime( 754): ... 11 more
W/Settings( 3200): Setting dropbox_age_seconds has moved from android.provider.Settings.Secure to android.provider.Settings.Global.
I/AudioFlinger( 2462): AudioFlinger::MixerThread::prepareTracks_l stop_output_streamtype(0, 1) for 2
I/AudioFlinger( 2462): AudioFlinger::MixerThread::prepareTracks_l set_parameters(1)
V/yamaha_AudioStreamOutSample( 2462): AudioStreamOutSample::setParameters(keyValuePairs="stop_output_streamtype=1")
I/yamaha_AudioStreamOutSample( 2462): mParent->isFactoryRouteEnable()=0 mLoopbackDevice=0
V/yamaha_AudioStreamOutSample( 2462): AudioStreamOutSample::setParameters() stopPlaybackStream +
V/yamaha_PcmCtrlImpl( 2462): PcmCtrlImpl::_update_route(state=(null), mode=(null), device=(null), source=(null)
V/yamaha_PcmCtrlImpl( 2462): PcmCtrlImpl::_get_scenario_name(state=1, mode=0, device=2h, source=0)
V/yamaha_Manager( 2462): Manager::getInstance()
I/AudioHardwareSample( 2462): makeOutputName(direction=0, mode=0, outputDevice=2h, inputDevice=80000004h, source=0, samplingRate=48000, playing=true, capturing=false, incallRate=0
V/AudioHardwareSample( 2462): Output(AndroidPlayback_Audio_Speaker_Normal) : mode(0) mVolteType(0) isVoipType(0)
V/yamaha_PcmCtrlImpl( 2462): direction=PLAYBACK
V/yamaha_PcmCtrlImpl( 2462): old_scenario_name="AndroidPlayback_Audio_Speaker_Normal"
V/yamaha_PcmCtrlImpl( 2462): new_scenario_name="AndroidPlayback_Audio_Speaker_Normal"
V/yamaha_PcmCtrlImpl( 2462): Same scenario as old.
V/yamaha_AudioStreamOutSample( 2462): AudioStreamOutSample::setParameters() stopPlaybackStream -
D/dalvikvm( 3962): GC_CONCURRENT freed 413K, 15% free 17062K/19856K, paused 3ms+1ms, total 14ms
W/ContextImpl( 3200): Calling a method in the system process without a qualified user: android.app.ContextImpl.sendBroadcast:1323 com.android.internal.policy.impl.PhoneWindowManager.notifyToSSRM:4698 com.android.internal.policy.impl.PhoneWindowManager.access$200:224 com.android.internal.policy.impl.PhoneWindowManager$PolicyHandler.handleMessage:646 android.os.Handler.dispatchMessage:99
W/ContextImpl( 3200): Calling a method in the system process without a qualified user: android.app.ContextImpl.sendBroadcast:1337 com.android.server.am.ActivityStack.startPausingLocked:1315 com.android.server.am.ActivityStack.finishActivityLocked:5712 com.android.server.am.ActivityStack.finishActivityLocked:5626 com.android.server.am.ActivityManagerService.handleAppCrashLocked:9419
D/CrashAnrDetector( 3200): processName: com.ghosthawk.salard
D/CrashAnrDetector( 3200): storeEvent : com.ghosthawk.salard data_app_crash V/SmartFaceService - 3rd party pause( 3200): onReceive [android.intent.action.ACTIVITY_STATE/com.ghosthawk.salard/pause]
I/dumpstate( 772): begin
D/PointerIcon( 3200): setHoveringSpenIconStyle1 pointerType: 10001iconType:1 flag:0
D/PointerIcon( 3200): setHoveringSpenCustomIcon IconType is same.1
D/STATUSBAR-StatusBarManagerService( 3200): manageDisableList what=0x0 pkg=WindowManager.LayoutParams
I/LSS-II: ( 3200): proc in:com.android.chrome,adj=15LRU num=72,i=35 E/SmartFaceService - 3rd party pause( 3200): onChange, mOptionMenuOpened: false mSystemDialogOpened: true
I/SurfaceFlinger( 2459): id=1595(152) createSurf 0x400f1524 (1x1),1 flag=4, talard
I/SurfaceFlinger( 2459): id=1590 Removed Mauncher (1/7)
I/SurfaceFlinger( 2459): id=1590 Removed Mauncher (-2/7)
D/dalvikvm( 3200): GC_EXPLICIT freed 2458K, 36% free 70438K/109416K, paused 6ms+14ms, total 178ms
D/DropBoxEntryAddedChimeraService( 4083): User is not opted-in to Usage & Diagnostics or Lockbox.
E/android.os.Debug( 3200): !@Dumpstate > sdumpstate -k -t -z -d -o /data/log/dumpstate_app_error
I/SurfaceFlinger( 2459): id=1593 Removed (3/6)
I/SurfaceFlinger( 2459): id=1593 Removed (-2/6)
W/ContextImpl( 3200): Calling a method in the system process without a qualified user: android.app.ContextImpl.sendBroadcast:1323 com.android.server.am.ActivityManagerService.computeOomAdjLocked:14816 com.android.server.am.ActivityManagerService.computeOomAdjLocked:14476 com.android.server.am.ActivityManagerService.updateOomAdjLocked:15107 com.android.server.am.ActivityManagerService.updateOomAdjLocked:15299
W/ContextImpl( 3200): Calling a method in the system process without a qualified user: android.app.ContextImpl.sendBroadcast:1323 com.android.server.am.ActivityManagerService.computeOomAdjLocked:14822 com.android.server.am.ActivityManagerService.computeOomAdjLocked:14476 com.android.server.am.ActivityManagerService.updateOomAdjLocked:15107 com.android.server.am.ActivityManagerService.updateOomAdjLocked:15299
I/SurfaceFlinger( 2459): id=1596(72) createSurf 0x400f107c (1080x1920),1 flag=4, Mauncher
V/WindowOrientationListener( 3200): mSContextAutoRotationListener.getProposedRotation, mbResultFaceDectection: false
V/WindowOrientationListener( 3200): mSContextAutoRotationListener.getProposedRotation, Rotation: 0
V/WindowOrientationListener( 3200): mSContextAutoRotationListener.getProposedRotation, mbResultFaceDectection: false
V/WindowOrientationListener( 3200): mSContextAutoRotationListener.getProposedRotation, Rotation: 0
V/WindowManager( 3200): rotationForOrientationLw(orient=1, last=0); user=0 USER_ROTATION_LOCKED sensorRotation=0 isCoverOpen=true mLidState=-1 mDockMode=0 mHdmiPlugged=false mAccelerometerDefault=false
V/WindowManager( 3200): Application requested orientation 1, got rotation 0 which has compatible metrics
D/WindowManager( 3200): computeScreenConfigurationLocked() set config.orientation=1 dw=1080 dh=1920 Callers=com.android.server.wm.WindowManagerService.updateOrientationFromAppTokensLocked:5124 com.android.server.wm.WindowManagerService.updateOrientationFromAppTokens:5093 com.android.server.am.ActivityStack.resumeTopActivityLocked:2558
D/PowerManagerService( 3200): setKeyboardVisibility: false
W/ContextImpl( 3200): Calling a method in the system process without a qualified user: android.app.ContextImpl.sendBroadcast:1337 com.android.server.am.ActivityStack.resumeTopActivityLocked:2622 com.android.server.am.ActivityStack.resumeTopActivityLocked:2169 com.android.server.am.ActivityStack.resumeTopActivityLocked:2155 com.android.server.am.ActivityStack.completePauseLocked:1623 V/SmartFaceService - 3rd party pause( 3200): onReceive [android.intent.action.ACTIVITY_STATE/com.sec.android.app.launcher/resume]
D/Launcher( 3577): onResume, Launcher: 1125169336
D/Launcher.HomeView( 3577): onResume
D/MenuAppsGridFragment( 3577): onResume
I/LSS-II: ( 3200): proc cancel wait in:com.sec.android.widgetapp.dualclockdigital,adj=0LRU num=72,i=71
I/LSS-II: ( 3200): proc cancel wait in:com.sec.android.widgetapp.easyfavoritescontactswidget,adj=0LRU num=72,i=70
I/LSS-II: ( 3200): proc wait in:com.sec.android.SimpleWidget,adj=11LRU num=72,i=49
I/LSS-II: ( 3200): proc cancel wait in:com.sec.android.widgetapp.programmonitorwidget,adj=0LRU num=72,i=70
V/TaskCloserActivity( 675): TaskCloserActivity onReceive() - com.sec.android.intent.action.HOME_RESUME
V/WindowManager( 3200): Window{434124b0 u0 Keyguard}mOrientationRequetedFromKeyguard=false
I/LSS-II: ( 3200): proc wait in:com.sec.android.widgetapp.easyfavoritescontactswidget,adj=11LRU num=72,i=67
D/Mms/UIEventReceiver( 315): ui event
I/ActivityManager( 3200): Increase Hidden App Number from 27to 30
I/LSS-II: ( 3200): proc in:com.ghosthawk.salard,adj=11LRU num=72,i=48,*3*
I/LSS-II: ( 3200): proc cancel wait in:com.sec.android.SimpleWidget,adj=0LRU num=72,i=71
I/LSS-II: ( 3200): proc wait in:com.sec.android.widgetapp.programmonitorwidget,adj=11LRU num=72,i=54
I/power ( 3200): *** release_dvfs_lock : lockType : 1
D/CustomFrequencyManagerService( 3200): releaseDVFSLockLocked : Getting Lock type frm List : DVFS_MIN_LIMIT frequency : 1200000 uid : 1000 pid : 3200 tag : ACTIVITY_RESUME_BOOSTER@3
W/ActivityManager( 3200): mDVFSHelper.release()